8 a multiple of 76?
True
Is 63619581 a multiple of 538?
False
Is 150 a factor of 617605500?
True
Does 4062 divide 208839606?
True
Is 23943616 a multiple of 1492?
True
Is 60539622 a multiple of 429?
True
Does 300 divide 1207354357?
False
Does 36 divide 2517134832?
True
Is 2801 a factor of 426950679?
False
Is 961 a factor of 194766177?
False
Does 4224 divide 625117337?
False
Does 321 divide 614716961?
False
Does 74 divide 1690781250?
False
Is 188 a factor of 14349288?
True
Does 11 divide 171251662?
False
Does 42 divide 379306875?
False
Does 73 divide 1000207821?
True
Does 116 divide 35789510?
False
Does 26 divide 1266144204?
True
Is 8 a factor of 101433994?
False
Does 98 divide 56528933?
False
Does 2496 divide 110897280?
True
Is 1286 a factor of 60442?
True
Does 2222 divide 1169340093?
False
Does 114 divide 571720602?
True
Does 454 divide 313209986?
False
Does 16 divide 134519845?
False
Is 334 a factor of 427170087?
False
Is 264 a factor of 65318088?
True
Is 1129 a factor of 453386078?
True
Is 5346253976 a multiple of 17?
True
Is 294489960 a multiple of 14?
False
Is 104 a factor of 924169?
False
Does 53 divide 177610420?
True
Is 178098093 a multiple of 9?
True
Is 10 a factor of 3333522033?
False
Does 36 divide 1737969?
False
Does 263 divide 11434311?
False
Is 10126512 a multiple of 22?
True
Is 16 a factor of 540011054?
False
Is 411133339 a multiple of 17?
False
Is 12126800 a multiple of 16?
True
Does 16 divide 144636992?
True
Is 597 a factor of 42741819?
False
Is 19176439 a multiple of 9?
False
Is 24 a factor of 62554914?
False
Is 117 a factor of 11427719?
False
Is 59 a factor of 31199259?
True
Is 76894159 a multiple of 3909?
False
Does 64 divide 7390750?
False
Is 64 a factor of 60072493?
False
Is 1436 a factor of 587586788?
True
Does 3548 divide 127657040?
True
Is 143 a factor of 19097364?
True
Does 1202 divide 378933048?
False
Is 2 a factor of 482880341?
False
Does 19 divide 8058749?
False
Is 74445176 a multiple of 13?
True
Does 45 divide 10337729?
False
Is 59253333 a multiple of 6?
False
Is 15 a factor of 2942130?
True
Does 1652 divide 355850712?
True
Does 530 divide 882659350?
True
Does 760 divide 47139000?
True
Is 1442091933 a multiple of 1128?
False
Is 5 a factor of 517832660?
True
Is 10185 a factor of 1588538112?
False
Does 239 divide 39426436?
False
Does 7 divide 636885235?
True
Does 12 divide 650621836?
False
Does 95 divide 1634114?
False
Does 951 divide 6222324?
False
Is 35 a factor of 3000675475?
True
Is 161986336 a multiple of 4?
True
Does 19 divide 183236?
True
Is 270 a factor of 10213560?
True
Does 7929 divide 1285071150?
False
Is 31 a factor of 455044629?
True
Does 471 divide 60499308?
False
Does 11 divide 136328918?
True
Is 54 a factor of 15975738?
True
Is 3267751494 a multiple of 2361?
True
Is 45 a factor of 2625320925?
True
Is 766 a factor of 12540186?
True
Does 13 divide 1937326066?
True
Is 580154698 a multiple of 53?
False
Does 110 divide 32059714?
False
Does 92 divide 1677153123?
False
Is 13 a factor of 7373197?
True
Does 849 divide 159197688?
True
Is 573 a factor of 491826468?
False
Is 75 a factor of 12000300?
True
Does 48 divide 12751292?
False
Is 20265207 a multiple of 51?
True
Is 17605474 a multiple of 87?
False
Is 26 a factor of 31945043?
False
Is 47 a factor of 514389989?
False
Is 59969476 a multiple of 964?
True
Is 1331 a factor of 870890338?
False
Is 24343914 a multiple of 13?
False
Is 1195 a factor of 64126982?
False
Is 204604304 a multiple of 1006?
True
Does 151 divide 7041258?
False
Is 737230636 a multiple of 677?
False
Does 20 divide 271294680?
True
Is 9766073 a multiple of 192?
False
Does 3844 divide 2301479680?
True
Is 27230662 a multiple of 47?
False
Does 5 divide 88409590?
True
Does 2305 divide 6388830735?
True
Is 4253 a factor of 2753827255?
False
Does 87 divide 592014294?
True
Is 104588087 a multiple of 371?
False
Is 106 a factor of 49179972?
True
Is 561 a factor of 745072880?
False
Is 570924504 a multiple of 37?
True
Is 9430451 a multiple of 3?
False
Is 88082494 a multiple of 265?
False
Is 321774676 a multiple of 1876?
False
Is 33294802 a multiple of 19?
True
Is 36 a factor of 31938860?
False
Does 301 divide 81475884?
True
Is 1547878018 a multiple of 136?
False
Is 75106700 a multiple of 251?
False
Is 958 a factor of 716778474?
True
Does 2507 divide 140842638?
False
Does 416 divide 23326311?
False
Does 923 divide 1384500?
True
Is 155624357 a multiple of 2?
False
Does 1149 divide 25279149?
True
Is 14 a factor of 35715316?
True
Does 44 divide 1171487620?
False
Is 53 a factor of 474077792?
True
Is 53172899 a multiple of 1165?
False
Does 406 divide 114667430?
False
Does 31 divide 28118665?
False
Is 1383 a factor of 32319009?
False
Does 18 divide 23378994?
True
Is 420227836 a multiple of 1939?
True
Is 8 a factor of 623680128?
True
Does 1346 divide 5467452?
True
Is 37 a factor of 104572690?
False
Is 502189754 a multiple of 11?
True
Is 1138 a factor of 17896188?
True
Does 3705 divide 54126456?
False
Is 1352 a factor of 17181455?
False
Is 55 a factor of 526311720?
True
Is 35 a factor of 10279721?
False
Does 7 divide 19414803?
False
Is 26897912 a multiple of 376?
True
Does 11 divide 130975361?
True
Is 18 a factor of 4353588?
True
Is 27721048 a multiple of 2056?
True
Is 9 a factor of 887814963?
True
Is 69432117 a multiple of 28?
False
Is 50292720 a multiple of 18?
True
Is 12 a factor of 4238184?
True
Is 137594929 a multiple of 1241?
False
Is 566282640 a multiple of 16?
True
Is 134 a factor of 1591115139?
False
Does 62 divide 15020138?
False
Does 179 divide 12080015?
False
Does 17 divide 19917081?
True
Is 66 a factor of 975341400?
True
Is 104 a factor of 790233322?
False
Does 1773 divide 4045986?
True
Does 29 divide 111362523?
True
Does 377 divide 71045273?
True
Does 26 divide 33243071?
False
Is 3361 a factor of 1866817035?
True
Is 98 a factor of 1018243324?
True
Is 444 a factor of 63676260?
True
Does 85 divide 160076827?
False
Does 110 divide 19425560?
True
Is 39373021 a multiple of 58?
False
Is 243 a factor of 623216578?
False
Is 10465816 a multiple of 35?
False
Is 129585818 a multiple of 62?
False
Does 114 divide 14061672?
True
Does 747 divide 84567573?
False
Is 651796784 a multiple of 675?
False
Does 4788 divide 426351515?
False
Does 99 divide 54858969?
True
Is 482277316 a multiple of 212?
True
Is 177 a factor of 83733055?
False
Does 84 divide 103732860?
True
Is 142 a factor of 1720225346?
True
Is 7434207 a multiple of 297?
True
Does 20 divide 22319700?
True
Does 54 divide 2019006?
True
Is 398 a factor of 318786458?
True
Is 38849734 a multiple of 638?
True
Is 246 a factor of 14731710?
True
Is 1866206391 a multiple of 42?
False
Does 61 divide 3782854?
True
Is 14 a factor of 5507151?
False
Is 882065052 a multiple of 5994?
True
Is 37606817 a multiple of 229?
False
Is 4939 a factor of 59895199?
False
Is 27131722 a multiple of 35?
False
Is 7622 a factor of 303614748?
True
Is 789 a factor of 2612316593?
False
Does 382 divide 22945594?
True
Is 9591880 a multiple of 59?
False
Is 2978010 a multiple of 5?
True
Does 6 divide 98075036?
False
Does 686 divide 64791877?
False
Is 8138569 a multiple of 446?
False
Is 4572510588 a multiple of 4617?
True
Is 58 a factor of 36247912?
True
Is 11657448 a multiple of 22?
True
Does 29 divide 164080028?
True
Is 22 a factor of 16354888?
True
Does 283 divide 6776435?
True
Is 411660278 a multiple of 29?
True
Is 4 a factor of 226510302?
False
Does 85 divide 14029634?
False
Does 29 divide 196991026?
True
Does 230 divide 1257523?
False
Is 220615999 a multiple of 24?
False
Is 37545066 a multiple of 158?
True
Does 20 divide 76661254?
False
Does 400 divide 116576617?
False
Is 1794592 a multiple of 16?
True
Is 23940682 a multiple of 7?
False
Is 1236 a factor of 11696632?
False
Is 30 a factor of 132672455?
False
Is 179575708 a multiple of 27?
False
Is 24083400 a multiple of 22?
True
Does 233 divide 73656170?
False
Is 2938037962 a multiple of 111?
False
Is 24 a factor of 309911829?
False
Does 1078 divide 3502803612?
True
Does 3 divide 13983443?
False
Does 1888 divide 188016480?
True
Is 30602250 a multiple of 35?
True
Is 38697820 a multiple of 1315?
True
Is 218 a factor of 137938410?
True
Is 12106039 a multiple of 25?
False
Is 7 a factor of 1146212540?
False
Does 61 divide 2356530?
False
Is 3465560